se k + 0*k - 5 = h, 5*h = -25. Let t be (35 - 1) + (k - -2). Suppose 4*j - t = -0. What are the prime factors of j?
3
Let t(w) = -w**3 + 15*w**2 - 31*w + 18. List the prime factors of t(12).
2, 3, 13
Suppose 5*q = -w + 142, 2*q + 0*q = 2*w - 260. What are the prime factors of w?
2, 3, 11
Let k(m) be the first derivative of -m**2/2 + 6. What are the prime factors of k(-11)?
11
Suppose -2*d = -5*d + 2*w + 169, -d + 68 = -3*w. What are the prime factors of d?
53
Suppose -3*c = c - 148. What are the prime factors of c?
37
What are the prime factors of ((-92)/10)/((-2)/5)?
23
What are the prime factors of (118/(-8))/((-4)/16)?
59
Let n(d) = d + 7. Let v be n(-5). Suppose 0*y + v*y - 18 = 0. What are the prime factors of y?
3
Let w(l) = l**3 + 4*l**2 - l + 5. Let o be w(-4). Let z = -6 + o. Suppose -z*u + 3 = -6. What are the prime factors of u?
3
Let r(j) = j**2 - 2*j + 18. What are the prime factors of r(6)?
2, 3, 7
Let u(g) = 14*g. Let l be u(-1). Let s = -26 + 54. Let x = l + s. List the prime factors of x.
2, 7
Let j = -13 - -45. Suppose -j = 5*c - c. Let v = c + 13. What are the prime factors of v?
5
Let z = 31 + -22. Let k(n) = -n**2 - 4*n - 6. Let s be k(-4). Let c = z + s. What are the prime factors of c?
3
Let m(h) = 14*h. What are the prime factors of m(4)?
2, 7
Let l(n) = -93*n + 6. List the prime factors of l(-3).
3, 5, 19
Suppose -5*i + 32 = 4*l, -l - 3*i + 10 = -5. Suppose -4 = v + l*v. List the prime factors of (-58)/(-4) - v/2.
3, 5
Let l(r) = 2*r + 5. Let s be l(-10). List the prime factors of 129/15 + (-6)/s.
3
List the prime factors of (9/(-6))/(9/(-294)).
7
Let n be -3 + -3*1 + 2. Let f be -2*5 + (n - -2). What are the prime factors of 1*(3/3 - f)?
13
Let f = 186 + -106. List the prime factors of f.
2, 5
Suppose 0 = -5*t - 2*c + 1 + 8, -3*t + 15 = -2*c. Suppose -42 + 7 = -t*k - 5*u, 5*k - 3*u = 115. List the prime factors of k.
2, 5
Suppose -3*y + z = -y - 17, -4*y + 49 = -5*z. Suppose -y*a + 3 + 51 = 0. List the prime factors of a.
3
Let s(x) = -7 - 3 - 3*x + 6. What are the prime factors of s(-7)?
17
Suppose -3*n + 6 = -0*n. Suppose 5*m - n = 3*m. Suppose -5*z + r + 55 = 0, 3*z - z + m = 5*r. What are the prime factors of z?
2, 3
Let f be (-3)/(2/(-12)*2). Suppose -4*c - 195 = -f*c. Suppose c = 3*t + 12. What are the prime factors of t?
3
Suppose p - 2*p = 3*y - 865, 2*p - 1154 = -4*y. List the prime factors of y.
2, 3
Let a be 8/(-3)*(-3 - -6). Let m = a + 19. List the prime factors of m.
11
Let n(l) = -l**3 + 13*l**2 - 22*l - 1. What are the prime factors of n(9)?
5
Suppose -4*s + 60 = s. Suppose -5*w - s = -7*w. What are the prime factors of w?
2, 3
Let q = 8 + -5. Suppose t - 4 = q*t. List the prime factors of (3/4)/(t/(-40)).
3, 5
Let u(w) = 5*w - 3 + 1 - 8. What are the prime factors of u(9)?
5, 7
Let b(p) = -p**2 - 32*p + 5. What are the prime factors of b(-22)?
3, 5
List the prime factors of (-8)/(-3)*21/2.
2, 7
Suppose -v + 0*v = -2. Suppose 0 = -v*f + 14 - 2. What are the prime factors of f?
2, 3
Let q = 188 - 125. What are the prime factors of q?
3, 7
Let s(j) = 7*j + 9*j**2 - 13*j - j**3 - j**2 + 9. What are the prime factors of s(7)?
2
Suppose 5*a + 5*f - 20 = 0, 5*f = -2*a + 2 + 6. Suppose -3*j + 5*k + 2 + 9 = 0, 2*k - a = 0. List the prime factors of j.
7
Let d(m) = -m**2 - 2*m + 7. Let a be d(-5). Let q be ((-14)/a)/((-2)/8). Let u = q - -10. List the prime factors of u.
3
Let w(t) = -7*t**2 - 2*t - 8. Let k(u) = 4*u**2 + u + 4. Let q(j) = -5*k(j) - 3*w(j). What are the prime factors of q(3)?
2
Let m be (-2 + 3 + 0)*55. Suppose -x = -6*x + m. What are the prime factors of x?
11
Suppose 5*f = -3*i + 356, 5*i - 620 = f + 4*f. What are the prime factors of i?
2, 61
Let j(y) = y + 9. Let t be j(-9). Suppose -4*r - b = 12, -b + 3 + 1 = t. Let a = r - -9. What are the prime factors of a?
5
Let j(t) = -t**3 + 6*t**2 - t + 6. Let w be j(6). Suppose w = 8*x - 3*x - 35. What are the prime factors of x?
7
Suppose 2*a + 2*g - 80 = -3*a, 5*a - 5*g - 115 = 0. Let w = a + -10. What are the prime factors of 5/(-20) - (-130)/w?
2
Suppose 5*p + 9 + 6 = 0. Let l be -5*(-2 - (2 + p)). Suppose -3*o = l*t - 67, o = -2*t + 2*o + 18. List the prime factors of t.
11
Suppose 4*c + 59 = 15. Let t = c - -31. List the prime factors of t.
2, 5
Suppose -10*i + 176 = -2*i. List the prime factors of i.
2, 11
Let r = -32 + 74. Let k = r + -29. List the prime factors of k.
13
Suppose -2*x = -0*x + v - 58, v - 29 = -x. List the prime factors of x.
29
Suppose 0 = 2*z + 1 - 21. Suppose -5*s = -h + 21, z = -2*h + s + 25. List the prime factors of h.
2, 3
Let a be (-3)/(-4 + 10)*-10. Suppose -a*x + 65 = -0*x. What are the prime factors of x?
13
Let m = 670 + -415. Suppose 15*z = 20*z - m. List the prime factors of z.
3, 17
Let n = 105 - 63. What are the prime factors of n?
2, 3, 7
List the prime factors of ((-10)/4)/((-2)/12).
3, 5
Suppose 3*w = 7*w + 52. Let h = w + 19. List the prime factors of h.
2, 3
Suppose -134 = -5*f + 686. What are the prime factors of f?
2, 41
Let d(f) = -48*f - 23. List the prime factors of d(-2).
73
Suppose -5*t = 5*z + 5, 4*t - 17 = -0*t + 3*z. Suppose -t*v = -2*r - 8, -v + 3*r + 0*r - 2 = 0. What are the prime factors of v?
7
Let b be -19 + 3*(1 - 0). Let k = b + 26. What are the prime factors of k?
2, 5
Let j(r) = 2*r**3 - 4*r**2 + 2*r. What are the prime factors of j(5)?
2, 5
What are the prime factors of 110/4 - 6/(-12)?
2, 7
Suppose -4 = 2*i - 0. List the prime factors of -17*3/6*i.
17
Suppose -5*p - 251 = 429. Let k be p/14 + 4/(-14). List the prime factors of (-5)/(k/(-4))*-1.
2
Let s(w) = w**2 - 2*w - 6. Let o be s(-4). Let y = o + 2. What are the prime factors of y?
2, 5
Suppose 10*n + 4*o = 5*n - 25, -5*n + 20 = -5*o. Let b be 2/(-6) - (-10)/3. Let i = b + n. What are the prime factors of i?
2
Let x(z) = -z**3 + 3*z**2 + 2*z - 4. Let b be x(3). Let a(s) = 23*s - 5. What are the prime factors of a(b)?
41
List the prime factors of (2/2)/((-20)/(-100)).
5
Let p be 4 + 3*(-1)/(-3). Suppose -w + p*w = 164. Suppose -3*o - h = -26, 0 = 4*o + 5*h - w + 10. What are the prime factors of o?
3
Let i(n) = 2*n - 2*n**2 + 4 - 4*n + n + n**2. Let x be i(0). Suppose 0 = 2*c - x*c + 16. List the prime factors of c.
2
Suppose -11*t + 273 = -4*t. List the prime factors of t.
3, 13
Suppose -y + 2*m + 9 = -0*m, -3 = -3*y - 2*m. Let a(r) = 4*r + 1. Let o be a(1). Suppose -q - 40 = -5*g, -o*q = -2*g - y*q + 8. What are the prime factors of g?
3
Let x(y) = 5*y - 66. Let j(r) = 2*r - 22. Let t(g) = 8*j(g) - 3*x(g). List the prime factors of t(-12).
2, 5
Let a = -10 - -13. Suppose -10 = -a*r + 2*r. What are the prime factors of r?
2, 5
Let q be 8/(4 + -2) + -1. Suppose c + 11 = -4*l + 4*c, 3*l + 5 = -c. Let d = q - l. List the prime factors of d.
5
Let d be 0 + 2*-1 + 16. Suppose -2*p + 16 = -p. Suppose 3*l - p = d. List the prime factors of l.
2, 5
Suppose 0 = 5*i - 5*j - 75, -5*i = -0*i + 2*j - 68. Let l(k) = k**2 - 3. Let n be l(-3). What are the prime factors of i/6 + n/9?
3
Suppose 5*b + 3*o + 77 = 309, -4*b = -4*o - 192. List the prime factors of b.
47
Let z(x) be the first derivative of 25*x**2/2 + x - 9. List the prime factors of z(2).
3, 17
Let u = -9 + 13. Let l = 22 + -23. Let o = l + u. What are the prime factors of o?
3
Let r(f) = -4*f + 2*f + 4*f - 3. Let z be r(2). List the prime factors of 1/(0 + z/9).
3
Let c(m) = -m**2 - 8*m + 8. Let w = -27 + 19. What are the prime factors of c(w)?
2
Let d = 604 + -331. List the prime factors of d.
3, 7, 13
List the prime factors of 1/(12/(-32))*-15.
2, 5
Suppose -4*p = -82 - 130. List the prime factors of p.
53
Let b be 6/21 - 752/(-14). Suppose o - b = -o. Let j = o - 16. List the prime factors of j.
11
Let m = 16 + 2. What are the prime factors of m?
2, 3
Let v be 3 + -2 + 1*13. Let c(m) = m**2 + 4*m + 5. Let a be c(-5). Suppose -a - v = -2*l. What are the prime factors of l?
2, 3
Let v(m) = 2*m**2 - 3. Let k be v(-3). Let n be (-1)/(((-6)/k)/2). Suppose 0 = 5*r + n*g - 10, -r + 4*g = -2 - 0. List the prime factors of r.
2
List the prime factors of 3 - -57 - (-4 + 9).
5, 11
Suppose 4*n - 5 = -n. Let h be n*(0 - (-4 + 1)). Suppose -4*f + h + 5 = 0. List the prime factors of f.
2
Let g = -39 - -76. Let v = g - 20. List the prime factors of v.
17
Let v(p) = -p. Let g be v(-1). Sup